ulate the highest common divisor of 1029313 and 53.
53
What is the highest common factor of 228 and 73074?
114
Calculate the greatest common factor of 1606784 and 512.
128
What is the greatest common factor of 272 and 483344?
272
What is the highest common divisor of 2972 and 2?
2
What is the greatest common factor of 80 and 16750?
10
Calculate the highest common divisor of 75 and 1106310.
15
Calculate the greatest common factor of 20728 and 24.
8
Calculate the highest common divisor of 1485462 and 71.
71
What is the greatest common factor of 114 and 5574?
6
Calculate the greatest common factor of 297 and 229966.
11
Calculate the highest common divisor of 24310 and 2420.
110
Calculate the greatest common factor of 501828 and 9372.
852
Calculate the highest common divisor of 1103568 and 2656.
1328
What is the highest common factor of 6107855 and 130?
65
Calculate the greatest common divisor of 4841 and 5781.
47
What is the highest common factor of 18 and 368850?
6
What is the greatest common factor of 6265979 and 788?
197
Calculate the greatest common factor of 12670 and 860.
10
Calculate the greatest common divisor of 8450 and 9050.
50
What is the highest common factor of 3154 and 7600?
38
Calculate the greatest common factor of 103 and 69937.
103
Calculate the highest common factor of 199038 and 294.
294
Calculate the highest common divisor of 960037 and 13.
13
What is the highest common factor of 599386 and 122?
122
What is the highest common divisor of 97 and 1290779?
97
Calculate the greatest common factor of 27948 and 24480.
204
Calculate the highest common factor of 11436 and 60.
12
Calculate the highest common divisor of 16 and 32184.
8
Calculate the highest common divisor of 7749 and 261.
9
What is the highest common divisor of 23461 and 2436?
29
What is the highest common factor of 149688 and 583?
11
What is the greatest common divisor of 29 and 63684?
29
Calculate the highest common factor of 286 and 310414.
26
What is the highest common factor of 118 and 121658?
118
What is the greatest common factor of 1604 and 4?
4
What is the highest common factor of 46551 and 354?
177
What is the greatest common divisor of 3800 and 457425?
475
What is the greatest common divisor of 43 and 1238572?
43
What is the greatest common divisor of 9077 and 7424?
29
What is the greatest common factor of 4180 and 4664?
44
Calculate the highest common factor of 47447 and 17.
17
Calculate the highest common factor of 45 and 92445.
15
Calculate the highest common factor of 165347 and 474.
79
What is the highest common factor of 266 and 2065642?
38
Calculate the greatest common divisor of 172683 and 189.
63
Calculate the greatest common factor of 116 and 972.
4
Calculate the highest common divisor of 1540 and 3430.
70
What is the greatest common divisor of 292162 and 3536?
442
What is the highest common divisor of 10404 and 4692?
204
Calculate the highest common factor of 2261 and 385.
7
Calculate the greatest common divisor of 13452 and 22302.
354
Calculate the greatest common factor of 76 and 140638.
38
What is the greatest common divisor of 540 and 473940?
180
Calculate the highest common factor of 79010 and 30.
10
Calculate the greatest common factor of 154 and 1988063.
77
Calculate the highest common factor of 60643 and 1043.
149
Calculate the highest common divisor of 7091576 and 757.
757
What is the highest common factor of 11638 and 1298?
22
What is the greatest common divisor of 1584245 and 143?
13
Calculate the greatest common divisor of 1620 and 3980.
20
Calculate the greatest common factor of 100275 and 12950.
175
What is the greatest common factor of 29039 and 3681?
409
What is the greatest common factor of 1784 and 40?
8
Calculate the highest common divisor of 1129121 and 7.
7
Calculate the greatest common factor of 108137 and 68.
17
What is the highest common factor of 37800 and 231?
21
What is the greatest common factor of 4428 and 9276?
12
What is the highest common divisor of 26047 and 163541?
427
What is the highest common factor of 2142 and 95382?
126
What is the greatest common divisor of 384 and 19840?
128
Calculate the greatest common factor of 150 and 27630.
30
What is the highest common divisor of 122 and 49471?
61
Calculate the highest common divisor of 3965 and 10855.
65
Calculate the greatest common divisor of 3295090 and 258.
86
What is the highest common factor of 110 and 427700?
10
Calculate the greatest common divisor of 433202 and 14.
14
Calculate the highest common factor of 98754 and 4681.
151
What is the highest common factor of 9504 and 4356?
396
What is the greatest common factor of 3424 and 112?
16
Calculate the highest common divisor of 24 and 51144.
24
Calculate the greatest common factor of 532480 and 1300.
260
Calculate the highest common divisor of 15 and 19515.
15
What is the greatest common factor of 1079 and 3901?
83
What is the highest common factor of 36 and 58656?
12
What is the highest common factor of 308 and 108836?
28
What is the greatest common divisor of 12580120 and 2008?
2008
What is the greatest common factor of 1160082 and 756?
378
Calculate the greatest common divisor of 1438452 and 76.
76
Calculate the greatest common divisor of 54 and 1361826.
54
What is the greatest common divisor of 1125 and 45315?
45
What is the highest common divisor of 399 and 81681?
57
What is the greatest common factor of 1336539 and 141?
141
What is the greatest common factor of 33325 and 10105?
215
What is the highest common factor of 178 and 734?
2
What is the highest common factor of 16 and 2560776?
8
Calculate the highest common divisor of 101234 and 28.
14
What is the highest common factor of 1717 and 7769?
17
What is the greatest common divisor of 16795 and 1720?
5
What is the greatest common divisor of 62471 and 349?
349
Calculate the greatest common factor of 888 and 2568984.
888
What is the greatest common divisor of 103 and 1331?
1
What is the highest common factor of 1023 and 4258067?
341
What is the greatest common factor of 441882 and 238?
14
Calculate the highest common factor of 42881 and 10329.
313
What is the highest common factor of 135 and 33057?
9
What is the highest common factor of 18 and 4878?
18
Calculate the greatest common factor of 20345 and 130.
65
What is the greatest common divisor of 767 and 5811?
13
What is the highest common divisor of 28490 and 2405?
185
What is the greatest common factor of 87423 and 42?
21
Calculate the greatest common factor of 25176284 and 28.
28
What is the highest common divisor of 11840 and 1665?
185
What is the highest common divisor of 216 and 1624932?
36
What is the highest common factor of 227596 and 272?
68
Calculate the highest common divisor of 50688 and 143.
11
What is the greatest common factor of 78 and 1905501?
39
Calculate the highest common factor of 5889955 and 230.
115
Calculate the greatest common factor of 35120 and 320.
80
What is the highest common divisor of 5616 and 18288?
144
What is the greatest common divisor of 68478 and 1104?
6
What is the highest common divisor of 2 and 157678?
2
Calculate the highest common divisor of 1795737 and 31.
31
What is the greatest common factor of 314185 and 310?
155
Calculate the highest common divisor of 128 and 35392.
64
Calculate the greatest common factor of 1528 and 4775.
191
Calculate the highest common divisor of 40 and 71320.
40
Calculate the greatest common divisor of 930 and 5859.
93
Calculate the highest common factor of 208 and 34864.
16
Calculate the highest common factor of 69958 and 1315.
263
Calculate the highest common divisor of 1065 and 79520.
355
Calculate the highest common factor of 2378 and 6206.
58
What is the greatest common factor of 738 and 2988?
18
What is the highest common factor of 240 and 82640?
80
Calculate the greatest common factor of 1278530 and 4925.
985
Calculate the greatest common factor of 1827 and 69629.
203
What is the greatest common divisor of 39 and 631787?
13
What is the greatest common divisor of 11340 and 15890?
70
Calculate the greatest common divisor of 174 and 2378.
58
What is the greatest common factor of 4711 and 7?
7
Calculate the greatest common divisor of 179 and 646727.
179
Calculate the highest common factor of 6138 and 126.
18
What is the greatest 